 12*q**3 - q**2 + 62 + 13 - 11*q**3. What is the units digit of u(0)?
5
Let f(a) = -a. Let r(m) = 6 + 9 - 11 + 2*m. Let o(d) = 5*f(d) + r(d). What is the tens digit of o(-11)?
3
Let b = 29 + -57. Let g = -21 - b. What is the units digit of g?
7
Let i(g) = 2*g. Let d be i(2). Suppose 2*s = -3*s - p - 12, -d*p = s + 10. What is the tens digit of (8 + s)/((-9)/(-60))?
4
Let y(w) = w**2 - 14. Let k be y(4). Suppose -3*z + 729 = -c + k*c, 2*z - 491 = c. What is the tens digit of z?
4
Suppose -3*k + 2 + 10 = 0. Suppose -k*c + 3*x = -45 + 2, c - 5*x - 32 = 0. Suppose 4*v - 4*a - 100 = 0, 0 = 2*v - v + 5*a - c. What is the tens digit of v?
2
Let w(a) be the second derivative of 2*a**3/3 + 13*a**2 - 17*a. What is the units digit of w(0)?
6
Let n(b) = -592*b**2 - 2*b + 2. Let c be n(1). Let m = 829 + c. What is the hundreds digit of m?
2
Suppose -5*m = 3*g - 1534, 3*m - 5*g = -266 + 1166. What is the units digit of m?
5
Suppose 0 = s + 3*s + 5*i + 107, 0 = -i - 3. Let k = s - -56. What is the tens digit of k?
3
Let p(l) = l**3 + l**2 - l + 66. Suppose -12 = -2*b + 3*z, 13 - 1 = -3*z. What is the tens digit of p(b)?
6
What is the hundreds digit of ((2/(-3))/(-1))/((-28)/(-4578))?
1
Let x(w) = 3*w - 4 + 3*w - 2 + w**3 - w + 9*w**2. Let u = -17 + 9. What is the units digit of x(u)?
8
Let c = 42 - 40. Let o = 82 + c. What is the units digit of o?
4
Let k(m) = 5 - 7 - 8*m + 19. What is the hundreds digit of k(-21)?
1
Suppose 2*q = 7*q - 25. Suppose -2 = -2*v, -q*v - 102 - 46 = -j. What is the hundreds digit of j?
1
Let w(d) = 17*d + 10. Let s = -48 + 51. What is the tens digit of w(s)?
6
Let c = -291 - -760. What is the hundreds digit of c?
4
Suppose -2*v + k - 1 = -3*v, -k = 2*v - 7. Suppose v*t = 2*t + 140. Suppose -y + 19 = 5*u, y - t = -5*u - 4*y. What is the units digit of u?
3
Let n = 977 - -4210. What is the hundreds digit of n?
1
Suppose 31 - 6 = -5*m. Let b be (-2)/m + 4/(-10). Suppose 4*d - 5*d + 34 = b. What is the units digit of d?
4
Let b = 179 - 126. Let l = b + -27. What is the tens digit of l?
2
Suppose 4*s + 4*o = -0*o + 24, 5*o - 18 = -3*s. Let t be -2 + (2 + -1)*s. Suppose 1 + 3 = t*z. What is the units digit of z?
1
Suppose 0 = 9*z - 20*z + 4180. What is the hundreds digit of z?
3
Suppose 0 = 4*c - 74 - 74. Let b = 80 - c. What is the tens digit of b?
4
Let i(h) be the second derivative of -h**3/6 + h**2/2 - 22*h. Let d be 18/(-5) - (-4)/(-10). What is the units digit of i(d)?
5
Let c(l) = 36*l - 92. What is the tens digit of c(20)?
2
Suppose -2*p = -7*p. Suppose 15 + 11 = 3*i - 4*y, p = 2*y + 10. Suppose 3*t = -2*t, -4*n + i*t + 80 = 0. What is the units digit of n?
0
Let c = 13 - 2. Let l = c + -9. Suppose -l = j, 3*j - 9 - 7 = -t. What is the units digit of t?
2
Let t(y) = y + 20. Let i be t(10). Suppose -a - i + 80 = 0. What is the tens digit of a?
5
Suppose 21 = 2*b + 13. Suppose -2*p - 4*h + 52 = 0, -b*h + 7*h - 116 = -5*p. What is the tens digit of p?
2
Suppose 2*n + 2*n - 96 = 0. Suppose 0 = j - 19 - n. Let p = -29 + j. What is the tens digit of p?
1
Suppose 8 = x + 4. Let t(w) = -6 + w**2 + 5 + 2*w - x. What is the units digit of t(-4)?
3
Let u(f) = -f**2 - 2*f + 45. Let w = 16 - 5. Let x = -11 + w. What is the tens digit of u(x)?
4
Let t = -7320 - -13122. What is the units digit of t?
2
Let j(c) = -2*c - 7*c + 10*c + c**2 + 13*c + 9. Let f be j(-14). Suppose f = k - 9. What is the units digit of k?
8
Let h(d) = d**2 + 11*d + 9. Let o = -37 - -30. Let k be h(o). Let q = 76 + k. What is the units digit of q?
7
Let g = -3656 - -7791. What is the tens digit of g?
3
Suppose -3*q + 5*u + 42 = 0, q + u + 12 = 2*q. Let h be (1 + -3)/((-4)/22). Let t = h - q. What is the units digit of t?
2
Suppose -9*l - 202 = -10*l - 4*z, 3*l + 3*z = 642. What is the hundreds digit of l?
2
Let p = 0 - -21. What is the units digit of ((-14)/1)/((-6)/p)?
9
Suppose 3*h + 21 = 5*l + 7, 0 = -5*h - 2*l - 13. What is the tens digit of (h/2)/(54/(-1908))?
5
Let t(x) = 60*x - 738. What is the hundreds digit of t(37)?
4
Let d = 384 + -147. What is the units digit of d?
7
Suppose -2*a + 176 = -5302. What is the units digit of a?
9
What is the tens digit of (103/2)/((-5)/(-20) - 0)?
0
Let p(g) = 3*g - 30. Let o be p(10). Let s(x) = 2*x + 1. Let a be s(1). Suppose -j - 42 + 146 = 3*n, a*j + 3 = o. What is the units digit of n?
5
Let l = 140 - -303. What is the tens digit of l?
4
Suppose 18*p - 15 = 3. Let d = 13 + -6. Let c = d + p. What is the units digit of c?
8
Let m(g) = -g**3 + 9*g**2 + 12*g - 10. Let n be m(10). Let x(b) = -b**2 + 4*b + n*b - 2 - 6 - 3*b. What is the units digit of x(6)?
2
Let s(z) = z**3 - 8*z**2 + 9*z - 10. Let b(x) = x**3 + 5*x**2 + 2*x - 1. Let y be b(-2). What is the units digit of s(y)?
4
Let c be (-207)/72 - (-2)/(-16). Let m(a) = -3*a**3 - 2*a**2. What is the units digit of m(c)?
3
Let u(j) = 5*j**3 + 5*j**2 - 8*j + 2. Suppose -21 = 13*r - 60. What is the tens digit of u(r)?
5
Let d(p) = -p**3 - 5*p**2 + 2*p + 12. Let n be d(-7). Let k = n + 35. What is the tens digit of k?
3
Suppose 41*q = 47*q - 1608. Suppose 12*r = 8*r + q. What is the units digit of r?
7
What is the units digit of ((-18)/(-4))/(93/2480)?
0
What is the units digit of (-27)/((-405)/2950) + (-2)/(-6)?
7
Let i be 108/90*20/6. Suppose -176 - 64 = -i*f - 4*c, -2*f + 134 = -5*c. Suppose -2*x + 3*x = f. What is the tens digit of x?
6
What is the hundreds digit of 0 + 3666/27 + 6/27?
1
Suppose -3*x + 1 = -5. Suppose -x*g + 1 = -3*v, 0*g - 3*v = 2*g - 31. What is the units digit of g?
8
Let m be (-3)/(-2)*28/21. Let j(o) = m - 1 - o + 5 - 2. What is the units digit of j(-2)?
6
Let i be (2*4)/(-2) + 1. Let f(p) = -p**3 + 11*p**2 + 14*p + 20. Let o be f(12). Let y = o + i. What is the units digit of y?
1
Let n = 33 + -28. Suppose -p = n*i - 513, -2*i + 107 = -i - 2*p. What is the hundreds digit of i?
1
Suppose 3*c = 2*b + 35 + 10, 0 = -4*c + 2*b + 58. Suppose 5*g - 9 = 2*g. Suppose g*x - 136 = -c. What is the units digit of x?
1
Let g be (-6669)/15 - (-12)/20. What is the tens digit of (-3)/(-4 + g/(-112))?
8
Let a(b) = 4*b**3 + 0*b**3 - 2 + 2*b**2 - 2*b**2 + b + 2*b**2. Let s be a(-2). What is the tens digit of 250/8 + 7/s?
3
Suppose -4*i = -2*j - 26, -i + 4*i - 6 = -3*j. Let h(d) = -d + 2. Let u be h(j). Suppose -u*n - 5*x + 325 = 0, 2*n - 2*x - 79 = 39. What is the tens digit of n?
6
Let h(b) = 24*b**2 + 24*b - 5. What is the tens digit of h(-4)?
8
Suppose -3 = 3*h + 6. Let n be ((-16)/(-20))/((-4)/(-10)). What is the units digit of (n/h)/(1/(-81))?
4
Suppose 0*x - z = -2*x - 10, x + 8 = 2*z. Suppose -o - q + 16 = 2*q, 5*o = -5*q + 40. What is the units digit of 0 + 28 - x/o?
9
Let n = 1182 - -2069. What is the hundreds digit of n?
2
Let x(g) = 7*g**2 - 226*g + 21*g**2 - 5 + 229*g. What is the tens digit of x(1)?
2
Let i be (1 + -3)*32 - 2. Let b = -43 - i. What is the tens digit of b*4/(-8)*-2?
2
Suppose 39 - 3 = 2*m + 2*c, -3*c + 6 = 0. Let k = m + -20. What is the tens digit of 5*(k - 272/(-20))?
4
Suppose 5*b = 4*b + 47. Let o = b + -42. What is the units digit of o?
5
Let q = 323 + 1029. What is the thousands digit of q?
1
Let x(p) = -p**2 + 11*p - 13. Let f be x(11). Let y(m) = -m**3 - 12*m**2 + 12*m + 12. What is the tens digit of y(f)?
2
Let a(d) = -15*d + 15. Let n(r) = -510*r + 510. Let t(b) = 135*a(b) - 4*n(b). What is the tens digit of t(6)?
7
Suppose 4*c - 24 = 8. Suppose 0 = -c*m + 613 - 109. What is the tens digit of m?
6
Suppose -4*t + 1568 = -2*t. What is the units digit of t?
4
Let j(t) be the third derivative of t**4/2 - 11*t**3/6 + 3*t**2. Let p be j(-7). Let b = -46 - p. What is the units digit of b?
9
Suppose -3*q + 0*q - 7059 = -5*i, -5*q - 4245 = -3*i. What is the tens digit of i?
1
Let k(p) = -17*p**3 + 2*p**2 + 5*p + 2. Let v be 6/(-8) + (45/(-20) - -1). What is the tens digit of k(v)?
3
Let c(s) = 28*s**3 - 34*s**2 - 4*s - 1. What is the thousands digit of c(5)?
2
Let p = 25 + -21. Suppose -7*d + 210 = -p*d. What is the units digit of d?
0
Let a = -5 + 6. Suppose 0 = -h - 2*u + a, -h = 2*h + 2*u + 1. Let c(t) = -6*t. What is the units digit of c(h)?
6
Let k(m) = -4*m**3 + m - 3. Let x be k(-3). Let n = x - 15. What is the tens digit of (-3)/(-2) + n/2?
4
Let u = 38 + -34. What is the units digit of (-36)/(-24) + 94/u?
5
What is the hundreds 